uppose -299*k - 593 = -a*k. What is the units digit of k?
3
What is the thousands digit of -384*(24/36 + -8)?
2
Let h(v) = 17*v**2 - 2*v + 3. Let y be h(1). What is the units digit of (22416/y)/(-2)*6/(-8)?
7
Suppose 3*a + 14*m - 18*m - 11 = 0, 3*a + 14 = -m. What is the units digit of 175 - -6 - (-18)/a?
5
Suppose 275*p - 11*p - 498381 = 579003. What is the thousands digit of p?
4
Let m(c) = 2*c**3 + 15*c**2 + 7*c - 12. Let t be (-5)/((-152)/48 + 4). What is the units digit of m(t)?
4
Suppose 0 = -12*h + 1139 - 3335. Let w be -2*(-3 + 2)*-37. Let q = w - h. What is the tens digit of q?
0
Let l be 5 + 30/(-5) - (-42)/(-1). Let g = l + 9. Let q = g - -131. What is the units digit of q?
7
Suppose -1140640 = 119*z - 4045311. What is the units digit of z?
9
Suppose 8*i - 2331 = -475. Suppose 4*l - f - 66 + 16 = 0, -5*f = -l + 22. Suppose -10*y + l*y = i. What is the hundreds digit of y?
1
Suppose -5*i - 9*z + 7*z = -5105, -2042 = -2*i - 4*z. Let c = -546 + i. What is the tens digit of c?
7
Suppose -5*f = -10*f - 2*y - 2, 0 = 4*f - 2*y - 2. Suppose f*b = 4*b + h - 1348, 2*b - 2*h - 664 = 0. What is the units digit of b?
6
What is the hundreds digit of ((-1107551)/(-258))/((-1)/(-6))?
7
Let g(j) = 938*j + 462. What is the ten thousands digit of g(28)?
2
Suppose 15 = -7*w + 29. Suppose 2*t = -2*u + 2084, -4*t = w*u - 3*u + 1037. What is the thousands digit of u?
1
Let v = 4186 - 3475. What is the hundreds digit of v?
7
Let m be (-6)/(-8) + (-20)/(-16). Let x(n) = -74*n + n**2 + 69*n - 3*n**2 + n**m + 11. What is the units digit of x(-5)?
1
Let h(k) = -5*k**2 - 28*k + 14. Let l be h(-6). What is the units digit of (-27 + -10)*(-20)/l?
0
Let f(w) = w**3 + 6*w**2 - 3*w - 15. Let s be f(-6). Suppose 2*h - 110 = -s*h. Suppose d = -7 + h. What is the tens digit of d?
1
What is the tens digit of 8 + 15/(-5 - 33983/(-6796))?
8
Let o(p) = -19*p**3 - 22*p**2 - 125*p - 16. What is the hundreds digit of o(-10)?
0
Let j = 111 - 108. Suppose -j*g + 546 = -6*g - 3*i, i - 880 = 5*g. Let v = -79 - g. What is the tens digit of v?
9
Let h(m) = -180*m + 1572. What is the tens digit of h(-6)?
5
Let m = 122 + -120. Suppose r - 3*w = 218, m*r - 504 = -w - 89. What is the units digit of r?
9
Let z be (6/5)/(3/10). Let q be (26264/(-402))/((-4)/6). What is the units digit of (z + 2)/(21/q)?
8
Let y(z) = -17*z + 26. Suppose 2*d - 14 = 2*q, -9*q + 7*q + 5*d - 2 = 0. What is the hundreds digit of y(q)?
2
Let n be ((-1)/3)/((-4)/(-3612)). Suppose -2*u - 1482 = u + 2*k, -2*u - 988 = k. Let v = n - u. What is the units digit of v?
3
Suppose -v - 72*k = -69*k - 76327, 3*k + 305338 = 4*v. What is the ten thousands digit of v?
7
Let r(l) = 13900*l**2 - l - 3. What is the tens digit of r(-1)?
9
Let r(x) = 2*x**2 - 4*x - 10. Let q be r(-10). Suppose -5*g - q = -2*v, -4*v + 450 = -4*g - g. Suppose 0*c = c - v. What is the hundreds digit of c?
1
Let m be 12/10*(-40)/(-12). Let n be 3 - (-4 - -55)/(-3). Suppose -12 = -m*w + n. What is the units digit of w?
8
Suppose 0 = 4*q - q + 4*y - 4, q = 5*y - 24. Let i be 12/q - -1 - -2. Let x(r) = r**2 + 221. What is the hundreds digit of x(i)?
2
Let q(z) = 5*z**3 + 12*z**2 - 11*z + 3. Let r(h) = -9*h**3 - 24*h**2 + 23*h - 6. Let b(w) = -7*q(w) - 4*r(w). What is the tens digit of b(-13)?
2
Let f(j) = j**3 - 10*j**2 - 2*j + 20. Let s be f(10). Suppose -4*v + s*v + 264 = n, 0 = v + 1. What is the tens digit of n?
6
Let x be (2/(2/2) - 1)/(-1). Let p be 1/3*(16 + x). Suppose p*v - 390 = 100. What is the tens digit of v?
9
Let a be 3/(-1) + 5/10*-14. What is the hundreds digit of (-202)/(a/3 + 3)?
6
Let b = -3 + 35. Suppose b = -3*h + 7*h. Let l(p) = -p**3 + 10*p**2 - 4*p + 9. What is the units digit of l(h)?
5
Let v = 1320 + -2053. Let s = -138 - v. What is the hundreds digit of s?
5
Suppose 3*g - 5 = -4*h + 14, 4*h - 21 = -5*g. Suppose x - 493 = h*m + 164, 5*x - 3261 = -4*m. What is the units digit of x?
3
Let t(d) = -d**3 - d**2 + 10*d + 5. Let q = 24 - 18. Let n be (8 - q)*10/(-4). What is the units digit of t(n)?
5
Let j = 80 + -235. Let k = j + 228. Suppose 2*r - k - 45 = 0. What is the units digit of r?
9
Suppose 5568 = 2*o - 2*v, 5*o - 3*v - 13926 = -0*v. Suppose -5*s - 4*m + 0*m + o = 0, -m + 558 = s. Suppose 16*f - s = 11*f. What is the tens digit of f?
1
Suppose -19*i + 3*i + 23616 = -100960. What is the hundreds digit of i?
7
Let t be (-5 - -1*(-3 + 8))/1. What is the hundreds digit of (-5 - (-6 + t))/((-2)/(-1022))?
5
Let f(y) = 6278*y - 327. What is the hundreds digit of f(4)?
7
Let h = -355 + 369. What is the hundreds digit of (h/42)/(1/1626)?
5
Suppose 4*x - 2*x + 1289 = -3*h, 5*h + 2119 = 4*x. Let p = h - -890. What is the hundreds digit of p?
4
Suppose 8935 = f + 5*i, -12*f + 7*f + 44587 = 3*i. What is the tens digit of f?
1
Let d = -58781 + 83491. What is the units digit of d?
0
Suppose -5*c + 226*a - 230*a = -366457, 293168 = 4*c + 2*a. What is the tens digit of c?
9
Suppose -4*x + 2*h + 958 + 28 = 0, -3*x + 5*h + 729 = 0. Let m be 2/(-12) - 2095/(-6). Let w = m - x. What is the units digit of w?
1
Let a = 3684 - -1141. What is the hundreds digit of a?
8
Let i = 15684 - 1279. What is the hundreds digit of i?
4
Let w(r) = 64*r**2 - 1253*r - 8. What is the ten thousands digit of w(35)?
3
Suppose -2334272 = -46*j - 8*j - 10*j. What is the units digit of j?
3
Let n = 14 + -11. Suppose -n*b - 2*l - 54 = -6*l, 5*b - l + 73 = 0. Let u = b + 87. What is the units digit of u?
3
Let w = -308 - -311. What is the tens digit of ((-640 - -3) + -1)*w/(-6)?
1
Let m be (-722)/(45/(-66) + 14/77). Let b = m + -949. What is the units digit of b?
5
Suppose 0 = f - 2*f - n + 14, -8 = -2*n. What is the tens digit of 145/f*(1 + 3)?
5
Suppose -5*c - 5*l = -55, -39*c = -35*c + 2*l - 38. What is the hundreds digit of (28/14)/(c/2292)?
5
Let p(h) = h**2 - 8*h + 3. Suppose 13 = 5*n - 27. Let d be p(n). Suppose -d*c + y + 283 = 0, 4*c - 106 - 275 = 5*y. What is the units digit of c?
4
Let u(c) = 2*c**2 - 7*c + 12. Let q be u(2). Suppose -1581 = -q*m + 501. What is the units digit of m?
7
Let w be (-1798)/87*9/2. Let m = w + 232. What is the units digit of m?
9
Suppose 4*x = -2*x - x. Suppose x = -3*f + 145 - 151. What is the units digit of (-5 + -131)/f + -2?
6
What is the thousands digit of (-110)/1430 + 2 + (-19202)/(-13)?
1
What is the units digit of (-501472)/(-64) - (-7)/(-14)?
5
Suppose 3*q + 6*c = 57885, q + 3*c - 9241 - 10051 = 0. What is the ten thousands digit of q?
1
Suppose -13*q - 470884 = -33*q + 210656. What is the tens digit of q?
7
Let s = 16 - 28. Let v = s + 17. Suppose 248 = 4*a - 2*c, 0*a - 4*a + 236 = -v*c. What is the tens digit of a?
6
Let h(r) = -r**3 - r**2 + r + 194. Let p be h(0). Let k = -50 - -59. Suppose -k*a + p = -445. What is the units digit of a?
1
Suppose 2*w + 30645 = 3*c, -37*c + 42*c - 51053 = -4*w. What is the tens digit of c?
1
Let i = 111258 + -52083. What is the thousands digit of i?
9
Suppose -9*g = -14*g + 8900. Suppose 4*x + g = 4*q, 2*q - 2*x - 2240 = -3*q. What is the tens digit of q?
5
Let j(y) be the third derivative of y**6/120 - y**5/60 - y**4/12 - 82*y**3/3 - 16*y**2. Let s be j(0). Let a = s + 305. What is the hundreds digit of a?
1
Suppose 0 = -3*f + 15 - 9. Let l(r) = -4*r + 13*r**f + 0*r**2 - 11*r**2. What is the tens digit of l(-3)?
3
Suppose -9 + 5 = w. Let o be (-6)/w*-2 + 7 + -3. What is the hundreds digit of 116*1 + -3 + o?
1
Let z(r) = -r + 11. Let a be z(14). What is the tens digit of (a - (-6)/(-5))/(2/(-50))?
0
What is the tens digit of 14*(180829/34)/11?
6
Suppose -22*w = -12*w + 9120. Let o = w + 2091. What is the hundreds digit of o?
1
Let y(i) = 3*i**3 - 2*i**2 + 4*i. Let x be y(3). What is the units digit of 21390/x - 18/15?
4
Let s(y) = -807*y - 1014. What is the tens digit of s(-14)?
8
Let t be (-2718)/(-90) - -1*(-1)/5. Let w be (13 - 8)*3*4/t. Suppose -w*s + 215 = 3*q - 0*s, 3*s = 12. What is the units digit of q?
9
Let c = 57614 + -23361. What is the ten thousands digit of c?
3
Let z(a) = a**3 - 14*a**2 + 25*a - 7. Let j be z(12). Suppose 8*o = 21 - j. Suppose 3*q + 25 = -o*q, -2*q - 110 = -5*k. What is the tens digit of k?
2
What is the ten thousands digit of (5809671/2655)/(3/20)?
1
Let i(d) = 52*d + 16. Let b be i(-7). Suppose 0*f = -6*f - 2928. Let o = b - f. What is the hundred